. Let v be y/(-4)*(4 - (-24)/6). What is the highest common factor of v and 3?
1
Let q(t) be the first derivative of 13*t**4/2 + t**2 - 3*t + 42. Suppose -3*u + 7*u - 8 = 0. Let l be q(u). What is the highest common factor of 19 and l?
19
Let v = -80 - -480. Calculate the greatest common divisor of 160 and v.
80
Let f = 5 - 1. Suppose 12 = 5*x + f*v, -3*x = 4*v - v - 9. Suppose x = -3*a + 8 + 22. Calculate the greatest common divisor of a and 90.
10
Suppose 25*x + 48*x = 2774. Calculate the greatest common factor of 722 and x.
38
Let i(c) = 53*c**2 - 13*c - 31. Let n be i(-4). Suppose -f - n = -5*f - b, -5*f - b + 1085 = 0. Calculate the highest common factor of f and 27.
27
Suppose 42 = 3*l - 3*y, -5*l = -8*l - y + 26. Calculate the highest common factor of l and 110.
10
Suppose 2*v + 10 = 0, -v = -3*l + 4*v + 172. Calculate the greatest common factor of l and 539.
49
Let m = 543 + -147. What is the greatest common divisor of 22 and m?
22
Let b(h) = -6*h**3 + 3*h**2 + 4*h - 1. Let d be b(-3). Let z be d/24*(-3)/(-2). What is the greatest common divisor of z and 55?
11
Suppose -m + 5 = -0*m. Suppose -m - 76 = -3*k. Let d = -19 + k. Calculate the highest common factor of 4 and d.
4
Suppose -h + 5*h = 16. Let x(j) = -9*j - 14 + h*j - j. Let n be x(-14). What is the highest common factor of 10 and n?
10
Let x(d) = 68 + 12 - 4*d**2 - d + d**3 - 2*d**2 + 7*d**2. Let p be x(0). Calculate the greatest common divisor of p and 40.
40
Let p(u) = u**3 + 8*u**2 - u + 145. Let i be p(0). What is the highest common factor of 174 and i?
29
Let u = -435 - -530. Calculate the greatest common divisor of 133 and u.
19
Suppose y = -2*r + 50, 4*r + 12*y - 108 = 14*y. Let o be 39/(-2)*(-10)/15. What is the greatest common factor of r and o?
13
Suppose -103 + 11 = -l - x, -4*l + 2*x + 362 = 0. Calculate the greatest common divisor of l and 91.
91
Let r(b) = 21*b - 12. Suppose 2*o + h + 1 = 0, -4*o = -5*o + 4*h + 22. Let k be r(o). Let t = 20 - 5. Calculate the greatest common divisor of t and k.
15
Let o(t) = -t**2 + 14*t + 17. Let p be o(15). Calculate the highest common factor of p and 6.
2
Suppose -5*j + 5*g = -60 - 35, -j = -5*g - 15. Let x be (4 - 3)*1 + 1 + 23. What is the highest common factor of j and x?
5
Let p(b) = -4*b. Let s be p(-4). Let m = s - 3. Let d(i) = -3*i**3 - 4*i**2 + 35*i + 129. Let q be d(-4). Calculate the greatest common divisor of q and m.
13
Let l = -380 - -533. What is the highest common factor of 391 and l?
17
Let k(f) = -f**2 + 45*f + 11. Let z(h) = 2*h**2 - 68*h - 16. Let g(y) = -8*k(y) - 5*z(y). Let o be g(-8). What is the highest common divisor of o and 40?
8
Let u(j) = -j**3 + j**2 + j + 52. Let m be (-2)/4 + -5*(-4)/40. Let p be u(m). What is the highest common divisor of p and 13?
13
Let d(a) = 6*a - 4. Let o be d(1). Let l be (o/(-6))/(4/(-120)). Calculate the greatest common factor of l and 100.
10
Let s be 3 + 3/(3/7). Suppose -6*i = -s*i + 256. Calculate the greatest common factor of 16 and i.
16
Let v = -1675 + 2338. What is the highest common factor of v and 78?
39
Let f = -493 - -507. Let t = 0 - -14. Calculate the greatest common divisor of t and f.
14
Suppose -102 - 6 = -3*l. Let z = l - 14. Calculate the greatest common factor of z and 2.
2
Suppose -3*t = -27*h + 31*h - 654, -173 = -h + 4*t. What is the greatest common divisor of h and 66?
33
Suppose 10 = 5*a, 5*z - 28*a + 31*a - 1416 = 0. Calculate the highest common divisor of z and 235.
47
Let t(c) = 51*c**3 - c**2 + 14*c - 13. Let s be t(1). Calculate the greatest common divisor of s and 459.
51
Let m = 85 - 78. Let v(s) be the second derivative of s**3 - 4*s**2 - 2*s. Let w be v(m). Calculate the greatest common factor of w and 51.
17
Let a = -183 - -198. Let w(v) be the third derivative of v**5/60 + v**4/12 - 5*v**3/6 - v**2. Let p be w(-5). What is the greatest common divisor of p and a?
5
Suppose -z - 937 = -5*y + 342, -2*y + 507 = -5*z. Suppose 0 = -0*q + 8*q - y. What is the greatest common divisor of 96 and q?
32
Suppose -88 = -30*r + 34*r. Let d = r + 72. Calculate the highest common factor of d and 125.
25
Let k = -15 - -32. Suppose z - 4*y - k = 0, y - 8 = -3*y. Let p = 26 - z. Calculate the highest common divisor of 1 and p.
1
Let w be ((-10878)/(-66) - 4) + (-2)/(-11). What is the highest common divisor of 69 and w?
23
Suppose s = u + 61, u + 132 = 2*s - 3*u. Let a(o) = o**2 + 280. Let x be a(0). What is the greatest common factor of x and s?
56
Let a(j) = 13*j**2 + 123*j + 4. Let k be a(-12). What is the greatest common factor of k and 32?
16
Suppose 8*h - 3*h = -50. Let f(j) = 70*j**2 - 2*j - 2. Let k be f(-1). Let s = k - h. What is the greatest common factor of s and 8?
8
Let j(f) = 14*f**2 - f. Let z be j(1). Suppose 0 = 2*p + 4 - 0. Let n(g) = 29*g**2 + 1. Let w be n(p). What is the highest common factor of w and z?
13
Suppose 0 = 4*a + 12, -551 = 3*k - 8*k - 3*a. Suppose -3*b + 2*b = -14. Calculate the highest common divisor of k and b.
14
Let b = 129 - 70. Calculate the highest common factor of 59 and b.
59
Let s(x) = -3*x - 43. Let m be s(-13). Let y(u) = -2*u**3 - 3*u**2 + 5*u + 4. Let l be y(m). Calculate the highest common divisor of 16 and l.
16
Let p be 4/(0 + 2)*(6 - 0). Suppose 0*z + 48 = z. Calculate the highest common factor of z and p.
12
Suppose 107 = 10*v - 253. Calculate the highest common divisor of 648 and v.
36
Let y be (0 - (0 - -3)) + 68. Let f be (-614)/2 + (5 + -3 - -1). Let h be f/(-24) + (-2)/(-6). What is the greatest common factor of y and h?
13
Let l be 25 - -2 - 3/(-1). Let m = -200 - -400. Suppose -5*c - 96 = -q + 124, -q = 5*c - m. What is the greatest common divisor of q and l?
30
Let p be -7 + 280/15 + (-4)/6. Suppose 2*q - 204 = 5*q. Let i be (-3)/9 + q/(-6). What is the greatest common divisor of p and i?
11
Suppose 2*g = -b + 81, -g - 2*b = -2*g + 43. Let j(m) = 3*m**2 + 3*m + 5. Let p be j(-4). What is the greatest common factor of g and p?
41
Let m(i) = 4*i - 80. Let x(n) = -n + 27. Let c(r) = 4*m(r) + 11*x(r). Let z be c(14). Calculate the greatest common divisor of z and 235.
47
Let u(q) = q**2 + q + 44. Let t be u(5). Calculate the greatest common factor of 185 and t.
37
Suppose 6 = -m + 2*m. Suppose 2*g = -2*o + m*g + 350, 0 = 3*o + g - 560. Let h = o + -107. What is the highest common divisor of h and 52?
26
Let d(s) = 2*s**3 - s**2 - 2*s + 3. Let q be d(3). Let j be (-5)/((-60)/(-56)*(-15)/45). What is the greatest common factor of j and q?
14
Suppose -6*l + l = -25. Suppose -83 - 37 = -5*n - l*j, 6 = -3*j. Calculate the highest common factor of n and 13.
13
Let x = 209 - -46. What is the greatest common factor of 15 and x?
15
Suppose -4*x + 8*j - 3*j = -85, -4*j - 20 = 0. Let u be 2/3*x/2. Suppose -211*y - 200 = -251*y. What is the greatest common factor of u and y?
5
Let j = -2 - 33. Let i = j - -40. Calculate the highest common factor of i and 40.
5
Let k be (-19)/57*(-1314 - 0). Let w = 878 - k. What is the highest common factor of 40 and w?
40
Let a(v) = v**2 + 15*v. Let n be a(-15). Let b(w) = n + 2 - 2*w + 0 + 5*w. Let y be b(2). What is the greatest common factor of 16 and y?
8
Let q = 11 - 8. Suppose -84 = -q*p - 5*w, -w - 1 = 2. Let r be 6/(-39) + (2 - 119/(-13)). Calculate the greatest common factor of r and p.
11
Let s be 804/15 + -6 - (-2)/5. Calculate the greatest common divisor of 56 and s.
8
Let q = 477 - -729. Calculate the greatest common factor of q and 18.
18
Let c(g) = -10*g**2 + 1601*g - 18 + 9*g**2 - 1590*g. Let s = 23 + -15. Let p be c(s). What is the highest common divisor of p and 54?
6
Suppose -5*a - 4*t = 76, 4*t - t + 72 = -5*a. Let c be 917/21 - a/9. Calculate the highest common factor of 5 and c.
5
Suppose -4*i + w + 329 = 0, 1 - 242 = -3*i - 5*w. Calculate the highest common factor of 1558 and i.
82
Suppose 0 = -3*w - 3*i + 24, w - 4*i - 6 = -18. Suppose -4*a + 0*g = -4*g - 68, -g + 53 = w*a. What is the greatest common factor of a and 35?
7
Let z be 96/36*2*21/2. What is the greatest common divisor of z and 200?
8
Let p = 21 - 18. Suppose 77 = p*u + c, -u + 3*c + 31 = 2*c. Let z = u + -11. What is the highest common divisor of 40 and z?
8
Let y = 1556 + -1201. What is the highest common factor of y and 5?
5
Let c = -6 + -1. Let a = 42 + c. Calculate the highest commo